e factors of 397847?
131, 3037
What are the prime factors of 336811?
37, 9103
What are the prime factors of 6548195?
5, 1309639
What are the prime factors of 9087786?
2, 3, 504877
List the prime factors of 45473.
37, 1229
List the prime factors of 288782.
2, 13, 29, 383
List the prime factors of 383577.
3, 127859
List the prime factors of 390275.
5, 67, 233
List the prime factors of 49389.
3, 101, 163
What are the prime factors of 114796?
2, 11, 2609
What are the prime factors of 35805237?
3, 13, 127, 7229
What are the prime factors of 21557073?
3, 199, 36109
What are the prime factors of 19080834?
2, 3, 17, 187067
What are the prime factors of 4739129?
97, 48857
List the prime factors of 353743.
13, 27211
What are the prime factors of 4063976?
2, 7, 31, 2341
List the prime factors of 13529520.
2, 3, 5, 19, 23, 43
List the prime factors of 2895708.
2, 3, 29, 53, 157
List the prime factors of 18345873.
3, 7, 13, 17, 59, 67
List the prime factors of 2626211.
7, 17, 29, 761
What are the prime factors of 7855296?
2, 3, 163, 251
List the prime factors of 6571279.
11, 13, 45953
What are the prime factors of 1807009?
47, 38447
List the prime factors of 203709.
3, 11, 6173
What are the prime factors of 20758?
2, 97, 107
What are the prime factors of 30495?
3, 5, 19, 107
List the prime factors of 349539.
3, 37, 47, 67
What are the prime factors of 164294?
2, 13, 71, 89
List the prime factors of 1553977.
43, 71, 509
List the prime factors of 27111326.
2, 11, 59, 20887
What are the prime factors of 4762115?
5, 952423
What are the prime factors of 303557?
401, 757
List the prime factors of 17116220.
2, 5, 11, 77801
List the prime factors of 868278.
2, 3, 47, 3079
List the prime factors of 668890.
2, 5, 66889
List the prime factors of 2509243.
11, 228113
What are the prime factors of 2347460?
2, 5, 117373
What are the prime factors of 1995866?
2, 997933
What are the prime factors of 12260368?
2, 766273
List the prime factors of 238474.
2, 119237
List the prime factors of 2636136.
2, 3, 19, 41, 47
List the prime factors of 2308131.
3, 7, 36637
List the prime factors of 410756.
2, 29, 3541
List the prime factors of 8364761.
31, 239, 1129
What are the prime factors of 48402?
2, 3, 2689
What are the prime factors of 272589?
3, 90863
List the prime factors of 19117139.
379, 50441
List the prime factors of 51010.
2, 5, 5101
What are the prime factors of 233593?
191, 1223
What are the prime factors of 649598?
2, 324799
List the prime factors of 11142717.
3, 3714239
What are the prime factors of 18966?
2, 3, 29, 109
List the prime factors of 12576952.
2, 23, 29, 2357
List the prime factors of 469994.
2, 7, 59, 569
List the prime factors of 234579.
3, 78193
List the prime factors of 332164.
2, 7, 11863
List the prime factors of 334405.
5, 47, 1423
What are the prime factors of 128728?
2, 16091
List the prime factors of 1692439.
7, 41, 5897
What are the prime factors of 7512867?
3, 541, 1543
What are the prime factors of 4247?
31, 137
List the prime factors of 4760747.
23, 449, 461
List the prime factors of 2975434.
2, 7, 11, 139
List the prime factors of 1214792.
2, 151849
What are the prime factors of 37107?
3, 7, 19, 31
List the prime factors of 109872.
2, 3, 7, 109
What are the prime factors of 669679?
669679
List the prime factors of 13932013.
97, 143629
What are the prime factors of 2011782?
2, 3, 59, 5683
List the prime factors of 1063486.
2, 17, 31, 1009
What are the prime factors of 2115133?
2115133
List the prime factors of 379428.
2, 3, 7, 4517
List the prime factors of 151140.
2, 3, 5, 11, 229
What are the prime factors of 36270696?
2, 3, 7, 11, 19, 1033
What are the prime factors of 18570253?
13, 41, 34841
What are the prime factors of 2722649?
83, 32803
What are the prime factors of 136267?
43, 3169
List the prime factors of 1131295.
5, 11, 67, 307
What are the prime factors of 150282?
2, 3, 11, 23
What are the prime factors of 6837911?
1877, 3643
What are the prime factors of 13468232?
2, 809, 2081
List the prime factors of 2021342.
2, 1010671
List the prime factors of 955682.
2, 7, 13, 59, 89
What are the prime factors of 125750?
2, 5, 503
What are the prime factors of 2231522?
2, 17, 65633
List the prime factors of 478408.
2, 7, 8543
What are the prime factors of 2056607?
7, 79, 3719
What are the prime factors of 361141?
11, 32831
List the prime factors of 1217334.
2, 3, 202889
List the prime factors of 2388864.
2, 3, 6221
List the prime factors of 233844.
2, 3, 13, 1499
What are the prime factors of 323938?
2, 161969
What are the prime factors of 5786619?
3, 1928873
List the prime factors of 6558903.
3, 13, 61, 919
List the prime factors of 311376.
2, 3, 13, 499
List the prime factors of 23054982.
2, 3, 151, 25447
List the prime factors of 941825.
5, 101, 373
List the prime factors of 2701444.
2, 37, 18253
What are the prime factors of 11643553?
743, 15671
List the prime factors of 676727.
676727
List the prime factors of 316169.
7, 31, 47
List the prime factors of 559994.
2, 211, 1327
What are the prime factors of 4372588?
2, 11, 99377
List the prime factors of 15324682.
2, 1811, 4231
What are the prime factors of 6907967?
11, 17, 41, 53
What are the prime factors of 12539613?
3, 239, 17489
What are the prime factors of 15221339?
7, 257, 8461
List the prime factors of 1343384.
2, 7, 23, 149
List the prime factors of 138340.
2, 5, 6917
List the prime factors of 1737790.
2, 5, 173779
What are the prime factors of 186353?
331, 563
What are the prime factors of 21321371?
71, 300301
List the prime factors of 77960.
2, 5, 1949
List the prime factors of 1975602.
2, 3, 329267
List the prime factors of 4002837.
3, 17, 78487
What are the prime factors of 171975?
3, 5, 2293
What are the prime factors of 339354?
2, 3, 17, 1109
What are the prime factors of 1975349?
17, 131, 887
List the prime factors of 71132.
2, 17783
What are the prime factors of 8794460?
2, 5, 439723
List the prime factors of 413744.
2, 19, 1361
What are the prime factors of 646792?
2, 80849
List the prime factors of 177608.
2, 149
What are the prime factors of 19655223?
3, 7, 133709
What are the prime factors of 18453498?
2, 3, 7, 23, 2729
What are the prime factors of 1679574?
2, 3, 13, 61, 353
List the prime factors of 13499720.
2, 5, 13, 1997
List the prime factors of 2681655.
3, 5, 31, 73, 79
What are the prime factors of 555720?
2, 3, 5, 11, 421
List the prime factors of 438403.
7, 23, 389
List the prime factors of 123376.
2, 11, 701
List the prime factors of 7299555.
3, 5, 486637
List the prime factors of 14693010.
2, 3, 5, 89, 5503
What are the prime factors of 296110?
2, 5, 29611
What are the prime factors of 180070?
2, 5, 11, 1637
What are the prime factors of 4114576?
2, 257161
What are the prime factors of 486768?
2, 3, 10141
List the prime factors of 277490.
2, 5, 27749
What are the prime factors of 220881?
3, 17, 61, 71
List the prime factors of 5039719.
5039719
What are the prime factors of 426502?
2, 107, 1993
What are the prime factors of 10648443?
3, 13, 17, 16061
What are the prime factors of 24645017?
24645017
List the prime factors of 8466752.
2, 7, 18899
What are the prime factors of 54139?
54139
List the prime factors of 4665074.
2, 2332537
List the prime factors of 279347.
409, 683
List the prime factors of 6291115.
5, 29, 43, 1009
What are the prime factors of 3612053?
3612053
What are the prime factors of 428098?
2, 11, 29, 61
What are the prime factors of 1728738?
2, 3, 11, 8731
What are the prime factors of 2036731?
31, 65701
List the prime factors of 12528865.
5, 2505773
List the prime factors of 4389856.
2, 137183
What are the prime factors of 11707087?
7, 1672441
List the prime factors of 659978.
2, 11, 131, 229
List the prime factors of 4549349.
7, 649907
What are the prime factors of 2318878?
2, 41, 28279
What are the prime factors of 1435430?
2, 5, 23, 79
What are the prime factors of 151165?
5, 7, 617
What are the prime factors of 3156156?
2, 3, 87671
List the prime factors of 2644719.
3, 7, 11, 107
What are the prime factors of 785942?
2, 157, 2503
List the prime factors of 311617.
67, 4651
What are the prime factors of 3771894?
2, 3, 7, 31, 2897
What are the prime factors of 2198152?
2, 11, 24979
List the prime factors of 12600792.
2, 3, 58337
List